est common divisor of j and h.
2
Suppose 3*w - 20 = -125. Let v = -25 - w. Let d(f) = -30*f. Let n be d(-3). Calculate the highest common factor of n and v.
10
Let w be 40/25 + (-2)/(-5). Suppose 0 = -5*d + w*s + 39, 2 = d + 3*s + 1. Calculate the highest common divisor of 77 and d.
7
Suppose 0 = -2*s + s - 4*h + 8, -3*s - 5*h + 3 = 0. Let y(p) = -p + 2. Let r be y(s). Suppose -2*m + 20 = -4. What is the highest common factor of r and m?
6
Suppose 0 = -2*l - 0 - 4. Let q(j) = 3*j**2 + 2*j + 2. Let m be q(l). Calculate the greatest common divisor of 30 and m.
10
Let u(a) = 34*a - 7. Let l be u(6). Let w = l + -93. What is the highest common factor of w and 13?
13
Let p(v) = 2*v + 8. Let w = -3 + 7. Let s(a) = 3*a + 7. Let z(i) = w*p(i) - 3*s(i). Let q be z(0). What is the greatest common divisor of 44 and q?
11
Suppose -4*o + 300 = -4*z, 2*o + 2*z = o + 90. Suppose 2*b - o = -2*b. Calculate the highest common factor of 8 and b.
4
Let l be 38/4 - 4/(-8). Calculate the highest common divisor of 80 and l.
10
Let i be (-3)/(3/(-77)) - -1. Suppose -b - b = -26. What is the greatest common factor of i and b?
13
Suppose -2*c = d - 64, 5*c - 4*d - 160 = -8*d. Let z = -71 + 103. Calculate the greatest common divisor of c and z.
32
Suppose 48 = -4*o + 208. Let k = -25 + 35. What is the greatest common factor of o and k?
10
Let t be (-3)/(-2 - 10/(-8)). Let m = 4 + 0. What is the greatest common divisor of m and t?
4
Let z = 18 + -15. What is the greatest common factor of 27 and z?
3
Let y be (-6)/(-4)*2/3. Let w = y + 18. Suppose -2*f - 2*f + 380 = 0. What is the highest common factor of f and w?
19
Let u(d) = -d**2 + 9*d - 5. Let x be (-254)/(-9) - (-2)/(-9). Let g = x - 20. Let w be u(g). Calculate the greatest common factor of 15 and w.
3
Let x = -11 + 7. Let q be (-28)/(-16)*x/(-1). Calculate the highest common factor of q and 1.
1
Let l = 728 - 1306. Let w be 1/(-2) + l/(-4). What is the highest common factor of 18 and w?
18
Let u be (2871/(-18))/(1/(-2)) - -1. Calculate the highest common factor of 40 and u.
40
Suppose 3*s - 111 = -2*z - 0*z, 3*z = 9. Let y = 2 + 5. What is the greatest common factor of s and y?
7
Let b(f) = f**3 + 10*f**2 - 10*f + 14. Let y be b(-11). Suppose -3*j - k = -5*k - 32, -4*j + y*k + 38 = 0. Calculate the highest common factor of j and 72.
8
Let t(d) = d**3 - 9*d**2 + 8*d + 10. Let y be t(8). Suppose -533 - 17 = -5*v. What is the greatest common divisor of v and y?
10
Let x(g) = -g - 1. Let k be x(-12). Calculate the greatest common factor of 99 and k.
11
Suppose 0 = -q + 4*i + 60, 2*q = -0*i + 3*i + 105. What is the highest common divisor of 16 and q?
16
Suppose 5*f + 5*x = 105, -2*f + 4*x - 24 = -3*f. What is the greatest common divisor of 140 and f?
20
Let q(w) = 9*w - 2. Suppose 0 = 4*n + 5 + 3. Let r be q(n). Let o be (-3 + 1 + r)*-4. What is the highest common divisor of o and 11?
11
Suppose -2*g + o + 146 = -14, -5*g = o - 393. Suppose -1 - g = -5*h. Calculate the highest common divisor of 8 and h.
8
Let q be 2/8*-2*(-11 + -213). What is the highest common factor of 16 and q?
16
Let o = 9 + 56. Let b be (-2)/8 - o/(-4). Suppose -5*s = -15, t + 5 = 2*t - s. Calculate the highest common divisor of b and t.
8
Suppose -4*s + 24 = -252. Let b be (-2)/(-16) - 10/((-320)/1468). What is the greatest common factor of s and b?
23
Suppose -4*u = -u - 18. Suppose -2*b + 55 + 58 = 5*q, 4*q = 4*b - 212. What is the greatest common divisor of b and u?
6
Suppose 3*p = -10 + 46. Calculate the highest common divisor of p and 132.
12
Let p(y) = -y**3 - 5*y**2 - 4*y + 2. Let t be 2/11 - 31/(-11). Suppose -k + 8 = -t*k. Let c be p(k). Calculate the greatest common factor of c and 6.
2
Let o = -9 + 17. Let p(a) = a**3 - 12*a**2 + 6*a + 4. Let j be p(o). Let l = -144 - j. What is the greatest common divisor of 24 and l?
12
Let m(b) = -b**3 + 9*b**2 - 7*b - 2. Let j be m(7). Let u be 21 + 3/(6/(-4)). Let r = j + u. Calculate the greatest common factor of r and 6.
6
Suppose a = 2*a. Suppose 6*j - 7*j + 35 = a. What is the highest common factor of 14 and j?
7
Let z = 22 - -13. Calculate the highest common factor of 5 and z.
5
Let l = 5 - -9. Suppose 0 = 7*k - 6*k - 126. Calculate the greatest common divisor of k and l.
14
Let f = -4 - -9. Suppose 0 = 4*y - f*y. Suppose y*q + 15 = q. What is the greatest common divisor of q and 30?
15
Suppose -12*o = -10*o - 24. Calculate the highest common divisor of o and 12.
12
Let w(q) = 2*q**3 - q**2 + 2*q - 1. Let g be w(1). What is the highest common divisor of 6 and g?
2
Let m = 85 - 17. Let b(f) = -f**3 + 4*f**2 - 4*f + 3. Let l be b(3). Let w(d) = -d**2 + d + 17. Let r be w(l). Calculate the highest common factor of m and r.
17
Let r = 70 - 31. What is the greatest common factor of r and 3?
3
Let s(z) be the first derivative of 1/4*z**4 + 5/3*z**3 + 4*z - 3 + 3/2*z**2. Let d be s(-3). What is the highest common divisor of d and 143?
13
Let f = 2 + -2. Suppose -o + 2*r - 4 = 0, 0 = 2*r - 2 - 6. Suppose o*s + s - 80 = f. What is the highest common divisor of 48 and s?
16
Let f = 163 + -91. Calculate the highest common divisor of f and 16.
8
Let c(t) = -t**3 - 6*t**2 - 4*t. Let h be c(-6). Let y be (-1 + 9)*1/1. Calculate the highest common factor of y and h.
8
Suppose b - v - 8 = 0, 5*b + v + 3*v - 40 = 0. Let m = -140 - -204. Calculate the greatest common factor of b and m.
8
Let b = -48 + 59. What is the highest common factor of b and 88?
11
Let g be (20/16)/(1/4). Let n(b) = 5 + b + 2*b - 7*b + 2*b**2. Let c be n(g). Calculate the greatest common factor of 7 and c.
7
Let h be (2/(-3))/(-1)*264. Suppose -b + 5*b = h. Suppose -66 - 44 = -g. Calculate the greatest common factor of b and g.
22
Let b = -34 - -52. Let l = -83 + 128. Calculate the greatest common divisor of b and l.
9
Let q(b) = 3*b. Let j be q(-1). Let a be j + 2 - (-15 - 1). Suppose -3*y + 21 = -a. Calculate the highest common divisor of y and 30.
6
Let s = -56 + 89. What is the greatest common divisor of s and 231?
33
Let o(y) = -7*y**2 + 7*y - 10. Let n(z) = -13*z**2 + 14*z - 19. Let d(x) = 6*n(x) - 11*o(x). Let u be d(5). Calculate the highest common divisor of 42 and u.
6
Suppose 0 = -6*w + 58 + 14. What is the highest common divisor of 84 and w?
12
Let z(a) = -a**3 + 14*a**2 - 14*a + 24. Let f be z(13). What is the greatest common factor of 77 and f?
11
Let g be (-3)/(-2*(-12)/(-104)). What is the highest common factor of 104 and g?
13
Let v be (-2)/(-2)*1*0. Suppose -4*q + 56 = -v*q. Let l = 21 - 7. What is the greatest common factor of q and l?
14
Suppose 3*r - 105 = 9. Calculate the greatest common divisor of 95 and r.
19
Suppose 0 = -4*h - 5*n - 21, -h + 42 = -4*h + 5*n. Let o = 28 + h. Calculate the greatest common factor of o and 19.
19
Let t be (1 - -22)/((-3)/(-3)). What is the greatest common divisor of t and 23?
23
Let t(h) = -h**2 - 17*h - 11. Let c be t(-15). Calculate the highest common divisor of c and 171.
19
Let p(c) = c - 1. Let z be p(-2). Let m be (-18)/(z - (-1 + -1)). Suppose 82 - m = 4*v. Calculate the greatest common divisor of 24 and v.
8
Let a = -3 + 5. Suppose -2*i + 0*i = 6, -a*u = i + 15. Let r be ((-16)/u)/((-2)/(-42)). Calculate the highest common factor of r and 14.
14
Let y = 18 - 11. What is the highest common factor of y and 21?
7
Suppose 0 = 5*b + 3*m - 54 + 5, -5*m + 39 = 3*b. Calculate the greatest common factor of b and 4.
4
Suppose -4*z - 31 = -7. Let t = 0 + 10. Let r = t + z. What is the greatest common divisor of r and 2?
2
Let t(z) = 16*z - 2. Let s be (-4)/6 - (-32)/12. Let u be s - (2 + -1 - 1). Let p be t(u). Calculate the highest common divisor of 12 and p.
6
Let q(r) = -r**2 + 27*r + 37. Let o be q(26). Let s be (6/(-8))/(2/(-56)). Calculate the highest common factor of o and s.
21
Suppose -4*a = -5*k + 574 - 98, 5*a - 5 = 0. Suppose -4*b = -s + 24, -3*b + 7 - 16 = 0. Calculate the highest common divisor of s and k.
12
Suppose 0 = r + 4*r + 30. Let l(n) = -n**3 - 6*n**2 - 7*n - 6. Let b be l(r). Let x be 2*9*(0 + 1). Calculate the highest common divisor of x and b.
18
Let w(a) = a**3 + 6*a**2 - 9*a - 2. Let i be w(-7). Suppose -v = 2*v - 54. Calculate the greatest common divisor of v and i.
6
Let s(h) = 27*h**2 + 1. Let o be s(-1). Let x = -10 + o. What is the highest common fa